 6. Suppose -i + 0*r - y*r + 22 = 0, -2*i + r + 37 = 0. What are the prime factors of i?
19
Suppose -15*l + 13*l = -4. Suppose -2*q = -2*a - 34, -l*q - 5*a + 1 - 2 = 0. List the prime factors of q.
2, 3
Suppose -14*t - 8*t + 53460 = 0. List the prime factors of t.
2, 3, 5
What are the prime factors of (-444)/(-2) - (0 + 3)?
3, 73
Let p(t) = t**3 - 30*t**2 + 30*t - 2. Let n be p(29). Suppose n*i - 25*i - 558 = 0. List the prime factors of i.
3, 31
Suppose 0 = -0*g + 3*g + 96. Let o = -22 - g. Suppose -2*m - i + o = 0, 3*m - 21 = -4*i + i. What are the prime factors of m?
3
Suppose 0*p - 602 = 2*p. Let y be p/63 - (-2)/(-9). What are the prime factors of (-93)/y - 10/(-25)?
19
Suppose -25 = -5*s - 0. Let c be 0 + (-5)/(5/(-3)). Suppose -c*x + 472 = s*x. What are the prime factors of x?
59
Suppose -2*i - 3*i + 300 = 0. Let h = i + -42. Suppose s + h = d - 0, 0 = -2*d + 3*s + 40. What are the prime factors of d?
2, 7
Let n(o) = o**2 + o - 2. Let a be n(2). Suppose -a*c + 182 = -714. What are the prime factors of c?
2, 7
List the prime factors of (-131 - -133) + (0 + 933)/1.
5, 11, 17
Suppose -5*k + 11 = -4. Suppose 2 = -5*j - 3*m - m, k*m + 5 = -2*j. Suppose -j*h - 4 = -54. What are the prime factors of h?
5
Suppose -7728 = -5*x + x + 5*a, 2*x = 2*a + 3862. What are the prime factors of x?
41, 47
Let c be (370/15)/((-6)/(-9)). Suppose 4*d = -3*m - 1 + c, -4*d - 5*m = -44. What are the prime factors of d?
2, 3
List the prime factors of 397 - 4/16*0.
397
Suppose -10*q + 23*q = 18967. List the prime factors of q.
1459
Suppose -76775 = -49*t + 143431. List the prime factors of t.
2, 3, 7, 107
Suppose -212 = -4*b + 4*j, 4*j + 63 = b - 2. Suppose 9*x - 787 = -b. List the prime factors of x.
2, 41
Let g = 1045 - 167. List the prime factors of g.
2, 439
Suppose 5*b + 4*v - 3825 = 0, 0 = b - 0*v - 3*v - 784. What are the prime factors of b?
769
Let f = 483 + 594. What are the prime factors of f?
3, 359
Let j be 12/(606/151 - 4*1). Suppose -2*a + f + 332 = 0, -5*a - 3*f - 76 = -j. What are the prime factors of a?
2, 83
Suppose -3*b = -2*j - 2*j + 108, -5*j - 5*b + 170 = 0. Suppose 0 = p + 2*p - j. Suppose 0 = 5*h - p*h + 80. List the prime factors of h.
2
List the prime factors of (-23976)/(-10) - 9 - (-2)/5.
2389
Suppose 4*p - 43 = -267. Let n = p + -24. Let b = n + 135. What are the prime factors of b?
5, 11
Let n = -426 + 719. What are the prime factors of n?
293
Suppose 0 = 16*m - 14*m - 14. Suppose 4*i + 57 = m*i. List the prime factors of i.
19
Let t(m) = 3074*m**2 - 74*m - 73. What are the prime factors of t(-1)?
3, 5, 41
Let r(v) = -31*v - 34. List the prime factors of r(-9).
5, 7
Let v(f) = f**3 - 11*f**2 + 7*f + 32. Let l be v(10). What are the prime factors of (1 - -106*l) + (-11)/11?
2, 53
Let p = 1385 + -988. Let d = p + -179. List the prime factors of d.
2, 109
Let u be ((-15)/(-12))/((-2)/(-16)). Let f(q) be the first derivative of -q**3/3 + 13*q**2/2 - 10*q - 7. List the prime factors of f(u).
2, 5
Let m(f) = 11*f**3 - 16*f**2 - 18*f - 27. Let k(h) = 5*h**3 - 8*h**2 - 9*h - 13. Let v(a) = -9*k(a) + 4*m(a). Let b = 13 - 4. List the prime factors of v(b).
3
Let m(p) = -p**2 + p + 1. Let l(h) = h**3 + 5*h**2 + 11*h + 3. Let g(y) = l(y) - 5*m(y). What are the prime factors of g(-9)?
5
Suppose 5*o = -m + 2*o, 5*o + 17 = 4*m. Suppose 0*d - 294 = -m*d. What are the prime factors of d?
2, 7
Let s be (-39)/4 - (-6)/8. Let k = s + 9. Suppose k = 2*h - 24 - 28. List the prime factors of h.
2, 13
Let z = 1598 - 1382. What are the prime factors of z?
2, 3
Suppose 7*v + 6 = 9*v. Let u(f) = -3 + f**3 - 5*f + 5 + 127*f**2 - 127*f**2. List the prime factors of u(v).
2, 7
Let s(n) = -75*n + 34. List the prime factors of s(-6).
2, 11
Suppose 4*p + 1900 = 10*y - 6*y, 5*y = 2*p + 2381. What are the prime factors of y?
3, 53
Suppose -75*c + 80*c = -3*n + 5435, 4385 = 4*c - 5*n. List the prime factors of c.
2, 5, 109
Suppose 6 = -3*c, -q - 2*c = -c - 3. Suppose 0 = g + 3, -q*y - 2*g + g - 3 = 0. Suppose y = -r + 5*i - 7 + 1, 3*i = 15. List the prime factors of r.
19
Let r = -65 + 218. Suppose 3*s = -2*y + r, -5*y - s = 4*s - 380. Let d = y + -53. What are the prime factors of d?
2, 11
Let b(u) = -u**3 + 29*u**2 - 3*u + 113. What are the prime factors of b(14)?
3011
Suppose -27*l = -4559 + 914. List the prime factors of l.
3, 5
Suppose x - 5*c = 2786, 102*x = 103*x + 3*c - 2746. What are the prime factors of x?
11, 251
Let i be (-4)/(-2) + 255/5. Let a = 20 - i. List the prime factors of (-2057)/a + 4/6.
3, 7
Suppose 29 = 2*f + z, 5*z - 78 + 13 = -5*f. Suppose -f*b = -11*b - 55. List the prime factors of b.
11
Let f = 35 - 35. Let t(z) = -2*z**3 + z**2 - z + 131. List the prime factors of t(f).
131
Suppose -6881 = -5*k - 2*d, 0*d = 5*k - 2*d - 6889. List the prime factors of k.
3, 17
Let z(g) = 3*g + 18. Let a be z(-5). List the prime factors of (26/4)/(a/12).
2, 13
Suppose 160*g = 151*g + 6831. List the prime factors of g.
3, 11, 23
Suppose 14 = -4*l + 3*f, 0 = -4*l + f - 0 - 10. What are the prime factors of 174/3 - (-2 - (-2 - l))?
2, 3, 5
Let u(y) = -474*y + 24. List the prime factors of u(-2).
2, 3
Let u = -7 + 9. Let y be -24*(3 + (-5)/u). Let z = -6 - y. What are the prime factors of z?
2, 3
Let o = -188 + 314. Let b = -209 - -119. Let y = o + b. List the prime factors of y.
2, 3
Suppose s + 533 = 27. Let b = s - -766. Suppose -4*k + 9*k = b. What are the prime factors of k?
2, 13
Let f(i) = -i**2 - 4*i - 1. Let p be f(-3). Let b(z) = -6*z**2 - 4*z + 2 - z + 7*z**2 + p*z**2. List the prime factors of b(2).
2
Let q = 5 - 1. List the prime factors of 8/6*((-1011)/(-6) + q).
2, 5, 23
Suppose 4*a + 4410 = -5*a. Let c = a - -720. What are the prime factors of c?
2, 5, 23
What are the prime factors of 124/(-1054) - 75552/(-34)?
2, 11, 101
List the prime factors of (-46)/(-115)*(-1 - 2997/(-2)).
599
Suppose 7*n - 15 = 4*n. Suppose -8 = a + n*l + 24, 3*a = -2*l - 31. List the prime factors of 80/2 + (-7 - a).
2, 5
Suppose -y + 2*w = -13, -3*w + 31 = 3*y - 7*w. Suppose -4*s - 206 = 2*z, y*z = 5*s + 139 + 126. Let p = s - -73. What are the prime factors of p?
3, 7
Let o(s) be the third derivative of 7*s**4/24 - 5*s**3/6 - 3*s**2. Let c be (-98)/(-21) + (-6)/9. What are the prime factors of o(c)?
23
Suppose 0 = 55*g - 66*g + 14971. List the prime factors of g.
1361
Let c be -1 - 25*1*-1. Let n be -1*(1 - (-8 + 10)). Let z = n + c. List the prime factors of z.
5
Suppose 5*p = 84 + 26. Let r = p - -56. Let t = 112 - r. List the prime factors of t.
2, 17
What are the prime factors of (59784/(-36))/((-10)/15)?
47, 53
Suppose 0*o + 4*o = -9300. Let z be 50 + (-12 - (-3 + -4)). List the prime factors of 4/(-6) - o/z.
3, 17
Let f(o) = 4*o**2 - 8*o + 7. Let c(w) = -11*w**2 + 24*w - 20. Let j(v) = 3*c(v) + 8*f(v). Let m = 11 + -7. What are the prime factors of j(m)?
2, 3
Suppose 10 = -2*y - 16. Let i = 220 - 237. Let s = y - i. List the prime factors of s.
2
Let c(d) = 64*d**2 + 1. Let f(n) = n + 14. Let s be f(10). Let t = s - 25. What are the prime factors of c(t)?
5, 13
Let x = -168 + 182. Suppose 0 = x*g - 7*g - 1603. List the prime factors of g.
229
Suppose -2*q = 2*q - 8. Suppose 0 = 6*y + 5 - 5. Suppose y = -r - 4*s + 76, 3*r + 68 = 4*r + q*s. List the prime factors of r.
2, 3, 5
Suppose -2*y - 3*g = -2467, -4*y = -2*g - 3164 - 1794. What are the prime factors of y?
2, 619
Let v(a) = a - 17. Let t be v(11). Let g be (-4)/t*(-66)/(-44). List the prime factors of (51 - (-2 - 0))*g.
53
Let q(t) = t**2 - 9*t - 7. Let n be q(8). Let b be (-50)/n - (-1)/(-3). Let j(g) = 4*g + 5. What are the prime factors of j(b)?
17
Let d(w) be the first derivative of w**4/4 - 2*w**3/3 - 5*w**2/2 + 6*w - 4. Let a be d(4). Suppose 26 = 4*l - a. What are the prime factors of l?
11
Suppose 386 = b + 3*h, -4*h + 9*h - 25 = 0. Let n = -196 + b. What are the prime factors of n?
5, 7
Let j be ((-51)/(-15) - 3)*1*1195. Let g = j + -279. List the prime factors of g.
199
Suppose -u + 4*k = -19, u - 2*k = -0*k + 11. Suppose y + 3*y - 2*f - 1176 = 0, -4*f + 882 = u*y. What are the prime factors of y?
2, 3, 7
Let n = 31 - 118. What are the prime factors of ((-540)/(-14))/(n/(-21) + -4)?
2, 3, 5
What are the prime factors of ((-2)/(-6))/(14/18732)?
2, 223
Suppose 39 = 8*p - 11*p. Let o = -31 - p. List